{"id":2,"date":"2024-01-02T15:45:03","date_gmt":"2024-01-02T14:45:03","guid":{"rendered":"http:\/\/localhost\/wordpress\/?page_id=2"},"modified":"2026-01-12T08:46:16","modified_gmt":"2026-01-12T07:46:16","slug":"sample-page","status":"publish","type":"page","link":"https:\/\/www.lcht.cz\/","title":{"rendered":"Letn\u00ed chlumeck\u00fd t\u00e1bor"},"content":{"rendered":"\t\t<div data-elementor-type=\"wp-page\" data-elementor-id=\"2\" class=\"elementor elementor-2\">\n\t\t\t\t<div class=\"elementor-element elementor-element-20ec67f1 e-flex e-con-boxed wpr-particle-no wpr-jarallax-no wpr-parallax-no wpr-sticky-section-no e-con e-parent\" data-id=\"20ec67f1\" data-element_type=\"container\">\n\t\t\t\t\t<div class=\"e-con-inner\">\n\t\t\t\t<div class=\"elementor-element elementor-element-574245b3 elementor-widget elementor-widget-text-editor\" data-id=\"574245b3\" data-element_type=\"widget\" data-widget_type=\"text-editor.default\">\n\t\t\t\t<div class=\"elementor-widget-container\">\n\t\t\t\t\t\t\t\t\t<p><strong>V\u00edtejte na str\u00e1nk\u00e1ch Letn\u00edho chlumeck\u00e9ho t\u00e1bora<br \/><\/strong><br \/>Ka\u017edoro\u010dn\u011b Chlumeck\u00fd d\u011btsk\u00fd sbor, spolek organizuje letn\u00ed pr\u00e1zdninovou akci pro d\u011bti z Chlumce a bl\u00edzk\u00e9ho okol\u00ed. V leto\u0161n\u00edm roce 2026 se t\u00e1bor uskute\u010dn\u00ed op\u011bt v herberku Ferdinanda Dobrotiv\u00e9ho ve Sloupu v \u010cech\u00e1ch (na obr\u00e1zku). Term\u00edn leto\u0161n\u00edho ro\u010dn\u00edku je stanoven v term\u00ednu \u010dtvrtek 2. 7. a\u017e ned\u011ble 12. 7. V sou\u010dasn\u00e9 chv\u00edli ji\u017e prob\u00edhaj\u00ed organiza\u010dn\u00ed p\u0159\u00edpravy na leto\u0161n\u00ed ro\u010dn\u00edk LCHT. Na t\u011bchto str\u00e1nk\u00e1ch m\u00e1te k dispozici p\u0159edb\u011b\u017enou on-line p\u0159ihl\u00e1\u0161ku a mimo dal\u0161\u00edch informac\u00ed tak\u00e9 p\u0159edb\u011b\u017en\u00e9 propozice na rok 2026.<br \/>Na tradi\u010dn\u00ed letn\u00ed t\u00e1borovou akci pod n\u00e1zvem Letn\u00ed chlumeck\u00fd t\u00e1bor v\u00e1s, d\u011bti, srde\u010dn\u011b zveme!<\/p>\n<p><strong>Organiz\u00e1tor t\u00e1bora:<\/strong><br \/><strong>N\u00e1zev:<\/strong> Chlumeck\u00fd d\u011btsk\u00fd sbor<br \/><strong>Pr\u00e1vn\u00ed forma:<\/strong> Spolek<br \/><strong>Spisov\u00e1 zna\u010dka:<\/strong> L 2577 veden\u00e1 u Krajsk\u00e9ho soudu v \u00dast\u00ed nad Labem<br \/><strong>S\u00eddlo:<\/strong> Muchova 228, 403 39 Chlumec<br \/><strong>Identifika\u010dn\u00ed \u010d\u00edslo:<\/strong> 63153793<br \/><strong>ID datov\u00e9 schr\u00e1nky:<\/strong> wbbchmi<br \/><strong>Transparentn\u00ed \u00fa\u010det:<\/strong> 317846055\/0300<br \/><strong>B\u011b\u017en\u00fd \u00fa\u010det:<\/strong> 16460283\/0300<\/p>\n<p>\u00a0<\/p>\n<p><img fetchpriority=\"high\" decoding=\"async\" class=\"size-full wp-image-100 aligncenter\" src=\"https:\/\/www.lcht.cz\/wp-content\/uploads\/2024\/01\/Obr_5.jpeg\" alt=\"\" width=\"961\" height=\"958\" srcset=\"https:\/\/www.lcht.cz\/wp-content\/uploads\/2024\/01\/Obr_5.jpeg 961w, https:\/\/www.lcht.cz\/wp-content\/uploads\/2024\/01\/Obr_5-300x300.jpeg 300w, https:\/\/www.lcht.cz\/wp-content\/uploads\/2024\/01\/Obr_5-150x150.jpeg 150w, https:\/\/www.lcht.cz\/wp-content\/uploads\/2024\/01\/Obr_5-768x766.jpeg 768w, https:\/\/www.lcht.cz\/wp-content\/uploads\/2024\/01\/Obr_5-75x75.jpeg 75w\" sizes=\"(max-width: 961px) 100vw, 961px\" \/><\/p>\n<p><!-- \/wp:paragraph --><\/p>\n<p><!-- wp:paragraph --><\/p>\n<p>\u00a0<\/p>\n<p><!-- \/wp:paragraph --><\/p>\n<p><!-- wp:paragraph --><\/p>\n<p>\u00a0<\/p>\n<p><!-- \/wp:paragraph --><\/p>\t\t\t\t\t\t\t\t<\/div>\n\t\t\t\t<\/div>\n\t\t\t\t\t<\/div>\n\t\t\t\t<\/div>\n\t\t\t\t<\/div>\n\t\t","protected":false},"excerpt":{"rendered":"<p>V\u00edtejte na str\u00e1nk\u00e1ch Letn\u00edho chlumeck\u00e9ho t\u00e1boraKa\u017edoro\u010dn\u011b Chlumeck\u00fd d\u011btsk\u00fd sbor, spolek organizuje letn\u00ed pr\u00e1zdninovou akci pro d\u011bti z Chlumce a bl\u00edzk\u00e9ho okol\u00ed. V leto\u0161n\u00edm roce 2026 se t\u00e1bor uskute\u010dn\u00ed op\u011bt v herberku Ferdinanda Dobrotiv\u00e9ho ve Sloupu v \u010cech\u00e1ch (na obr\u00e1zku). Term\u00edn leto\u0161n\u00edho ro\u010dn\u00edku je stanoven v term\u00ednu \u010dtvrtek 2. 7. a\u017e ned\u011ble 12. 7. V sou\u010dasn\u00e9 chv\u00edli ji\u017e prob\u00edhaj\u00ed organiza\u010dn\u00ed p\u0159\u00edpravy na leto\u0161n\u00ed ro\u010dn\u00edk LCHT. Na t\u011bchto str\u00e1nk\u00e1ch m\u00e1te k dispozici p\u0159edb\u011b\u017enou on-line p\u0159ihl\u00e1\u0161ku a mimo dal\u0161\u00edch informac\u00ed tak\u00e9 p\u0159edb\u011b\u017en\u00e9 propozice na rok 2026.Na tradi\u010dn\u00ed letn\u00ed t\u00e1borovou akci pod n\u00e1zvem Letn\u00ed chlumeck\u00fd t\u00e1bor v\u00e1s, d\u011bti, srde\u010dn\u011b zveme! Organiz\u00e1tor t\u00e1bora:N\u00e1zev: Chlumeck\u00fd d\u011btsk\u00fd sborPr\u00e1vn\u00ed forma: SpolekSpisov\u00e1 zna\u010dka: L 2577 veden\u00e1 u Krajsk\u00e9ho soudu v \u00dast\u00ed nad LabemS\u00eddlo: Muchova 228, 403 39 ChlumecIdentifika\u010dn\u00ed \u010d\u00edslo: 63153793ID datov\u00e9 schr\u00e1nky: wbbchmiTransparentn\u00ed \u00fa\u010det: 317846055\/0300B\u011b\u017en\u00fd \u00fa\u010det: 16460283\/0300 \u00a0 \u00a0 \u00a0<\/p>\n","protected":false},"author":1,"featured_media":0,"parent":0,"menu_order":0,"comment_status":"closed","ping_status":"open","template":"","meta":{"footnotes":""},"class_list":["post-2","page","type-page","status-publish","hentry"],"acf":[],"_links":{"self":[{"href":"https:\/\/www.lcht.cz\/index.php?rest_route=\/wp\/v2\/pages\/2","targetHints":{"allow":["GET"]}}],"collection":[{"href":"https:\/\/www.lcht.cz\/index.php?rest_route=\/wp\/v2\/pages"}],"about":[{"href":"https:\/\/www.lcht.cz\/index.php?rest_route=\/wp\/v2\/types\/page"}],"author":[{"embeddable":true,"href":"https:\/\/www.lcht.cz\/index.php?rest_route=\/wp\/v2\/users\/1"}],"replies":[{"embeddable":true,"href":"https:\/\/www.lcht.cz\/index.php?rest_route=%2Fwp%2Fv2%2Fcomments&post=2"}],"version-history":[{"count":28,"href":"https:\/\/www.lcht.cz\/index.php?rest_route=\/wp\/v2\/pages\/2\/revisions"}],"predecessor-version":[{"id":193,"href":"https:\/\/www.lcht.cz\/index.php?rest_route=\/wp\/v2\/pages\/2\/revisions\/193"}],"wp:attachment":[{"href":"https:\/\/www.lcht.cz\/index.php?rest_route=%2Fwp%2Fv2%2Fmedia&parent=2"}],"curies":[{"name":"wp","href":"https:\/\/api.w.org\/{rel}","templated":true}]}}

Letní chlumecký tábor

<div data-elementor-type="wp-page" data-elementor-id="2" class="elementor elementor-2">
				<div class="elementor-element elementor-element-20ec67f1 e-flex e-con-boxed wpr-particle-no wpr-jarallax-no wpr-parallax-no wpr-sticky-section-no e-con e-parent" data-id="20ec67f1" data-element_type="container">
					<div class="e-con-inner">
				<div class="elementor-element elementor-element-574245b3 elementor-widget elementor-widget-text-editor" data-id="574245b3" data-element_type="widget" data-widget_type="text-editor.default">
				<div class="elementor-widget-container">
									<p><strong>Vítejte na stránkách Letního chlumeckého tábora<br /></strong><br />Každoročně Chlumecký dětský sbor, spolek organizuje letní prázdninovou akci pro děti z Chlumce a blízkého okolí. V letošním roce 2026 se tábor uskuteční opět v herberku Ferdinanda Dobrotivého ve Sloupu v Čechách (na obrázku). Termín letošního ročníku je stanoven v termínu čtvrtek 2. 7. až neděle 12. 7. V současné chvíli již probíhají organizační přípravy na letošní ročník LCHT. Na těchto stránkách máte k dispozici předběžnou on-line přihlášku a mimo dalších informací také předběžné propozice na rok 2026.<br />Na tradiční letní táborovou akci pod názvem Letní chlumecký tábor vás, děti, srdečně zveme!</p>
<p><strong>Organizátor tábora:</strong><br /><strong>Název:</strong> Chlumecký dětský sbor<br /><strong>Právní forma:</strong> Spolek<br /><strong>Spisová značka:</strong> L 2577 vedená u Krajského soudu v Ústí nad Labem<br /><strong>Sídlo:</strong> Muchova 228, 403 39 Chlumec<br /><strong>Identifikační číslo:</strong> 63153793<br /><strong>ID datové schránky:</strong> wbbchmi<br /><strong>Transparentní účet:</strong> 317846055/0300<br /><strong>Běžný účet:</strong> 16460283/0300</p>
<p> </p>
<p><img fetchpriority="high" decoding="async" class="size-full wp-image-100 aligncenter" src="https://www.lcht.cz/wp-content/uploads/2024/01/Obr_5.jpeg" alt="" width="961" height="958" srcset="https://www.lcht.cz/wp-content/uploads/2024/01/Obr_5.jpeg 961w, https://www.lcht.cz/wp-content/uploads/2024/01/Obr_5-300x300.jpeg 300w, https://www.lcht.cz/wp-content/uploads/2024/01/Obr_5-150x150.jpeg 150w, https://www.lcht.cz/wp-content/uploads/2024/01/Obr_5-768x766.jpeg 768w, https://www.lcht.cz/wp-content/uploads/2024/01/Obr_5-75x75.jpeg 75w" sizes="(max-width: 961px) 100vw, 961px" /></p>
<p><!-- /wp:paragraph --></p>
<p><!-- wp:paragraph --></p>
<p> </p>
<p><!-- /wp:paragraph --></p>
<p><!-- wp:paragraph --></p>
<p> </p>
<p><!-- /wp:paragraph --></p>								</div>
				</div>
					</div>
				</div>
				</div>

<p>Vítejte na stránkách Letního chlumeckého táboraKaždoročně Chlumecký dětský sbor, spolek organizuje letní prázdninovou akci pro děti z Chlumce a blízkého okolí. V letošním roce 2026 se tábor uskuteční opět v herberku Ferdinanda Dobrotivého ve Sloupu v Čechách (na obrázku). Termín letošního ročníku je stanoven v termínu čtvrtek 2. 7. až neděle 12. 7. V současné chvíli již probíhají organizační přípravy na letošní ročník LCHT. Na těchto stránkách máte k dispozici předběžnou on-line přihlášku a mimo dalších informací také předběžné propozice na rok 2026.Na tradiční letní táborovou akci pod názvem Letní chlumecký tábor vás, děti, srdečně zveme! Organizátor tábora:Název: Chlumecký dětský sborPrávní forma: SpolekSpisová značka: L 2577 vedená u Krajského soudu v Ústí nad LabemSídlo: Muchova 228, 403 39 ChlumecIdentifikační číslo: 63153793ID datové schránky: wbbchmiTransparentní účet: 317846055/0300Běžný účet: 16460283/0300      </p>
